{"id":1926,"date":"2013-04-14T09:32:03","date_gmt":"2013-04-14T09:32:03","guid":{"rendered":"http:\/\/frankfurt-flyers.de\/?page_id=1926"},"modified":"2019-09-11T18:59:23","modified_gmt":"2019-09-11T18:59:23","slug":"liga-2013","status":"publish","type":"page","link":"http:\/\/frankfurt-flyers.de\/?page_id=1926","title":{"rendered":"Liga 2013"},"content":{"rendered":"<h5>Trampolin Liga 2013<\/h5>\n<p style=\"text-align: justify;\">Als Titelverteidiger starten die Frankfurt FLYERS in die neue, am 20. April beginnende Trampolin Bundesliga Saison 2013. Zwar gibt es\u00a0das leistungssportliche Karriere Ende der vier Damen Ann-Kathrin Klee, Sophia Fischer, Jessica Mees und Saskia He\u00dfler zu vermelden, doch der Kern der Meistermannschaft blieb zusammen. In den letzten Monaten wurde das Team zudem mit drei hoffnungsvollen Nachwuchskr\u00e4ften erg\u00e4nzt, Niklas Oellig vom Burtscheider TV Aachen sowie die beiden japanischen Zwillinge Anju + Momoko Asami lassen weiterhin f\u00fcr die Zukunft hoffen, die Vereinsverantwortlichen gehen jedenfalls optimistisch an die n\u00e4chsten Aufgaben.<\/p>\n<p style=\"text-align: justify;\">Die Sportler der FLYERS in der laufenden Saison 2013: Anju Asami(99), Momoko Asami(99), Johanna Gr\u00fcll(94), Runa Weiland(00), Nico G\u00e4rtner(82), Mark Jecht Gonzalez(95), Alexander Kaverin(00), Markus Kubicka(77), Ivano Monaco(89), Olaf Neidhardt(00), Niklas Oellig(98), Laszlo Pobloth(89), Pascal Seifert(99), Christopher Sch\u00fcpferling(89), Lars Weiland(96). Als Trainer wird Pasqual Bahr die Mannschaft betreuen.<\/p>\n<p style=\"text-align: justify;\">Es beginnt mit dem Ausw\u00e4rtswettkampf beim TSV Mannheim, an dem zus\u00e4tzlich als dritter Verein der TV Dillenburg beteiligt ist. Eine Woche sp\u00e4ter unser Heimwettkampf. Im DTB-Leistungszentrum, in der Otto-Fleck-Schneise 8, empfangen die FLYERS den mitfavorisierten TV Weingarten sowie aus Darmstadt Aufsteiger TV Eberstadt. Der Wettkampf wird am Samstag, den 27. April in der Zeit von 18.30 &#8211; 20.00 Uhr ausgetragen und wir m\u00f6chten alle interessierten Trampolin Fans dazu recht herzlich einladen.<\/p>\n<p style=\"text-align: justify;\">Danach wird die Saison unterbrochen und erst nach dem Internationalen Deutschen Turnfest fortgesetzt. Am 1. Juni\u00a0die Begegnung in Wiebelskirchen gegen die TSG Saar und am 8. Juni empf\u00e4ngt im Odenwald der TV Nieder-Beerbach den MTV Stuttgart sowie die FLYERS.<\/p>\n<p style=\"text-align: justify;\">F\u00fcr Samstag, den 22. Juni ist das Finale terminiert, dass in der Sporthalle des Schulzentrum im schw\u00e4bischen Weingarten stattfindet. Wie schon in den Vorjahren werden\u00a0die User aktuell\u00a0mit Informationen auf unserer News Seite versorgt. Alles weitere auch auf: <a href=\"http:\/\/www.Trampolin-Bundesliga.de\">www.Trampolin-Bundesliga.de<\/a><\/p>\n","protected":false},"excerpt":{"rendered":"<p>Trampolin Liga 2013 Als Titelverteidiger starten die Frankfurt FLYERS in [&hellip;]<\/p>\n","protected":false},"author":1,"featured_media":0,"parent":158,"menu_order":0,"comment_status":"closed","ping_status":"closed","template":"","meta":{"footnotes":""},"class_list":["post-1926","page","type-page","status-publish","hentry"],"_links":{"self":[{"href":"http:\/\/frankfurt-flyers.de\/index.php?rest_route=\/wp\/v2\/pages\/1926","targetHints":{"allow":["GET"]}}],"collection":[{"href":"http:\/\/frankfurt-flyers.de\/index.php?rest_route=\/wp\/v2\/pages"}],"about":[{"href":"http:\/\/frankfurt-flyers.de\/index.php?rest_route=\/wp\/v2\/types\/page"}],"author":[{"embeddable":true,"href":"http:\/\/frankfurt-flyers.de\/index.php?rest_route=\/wp\/v2\/users\/1"}],"replies":[{"embeddable":true,"href":"http:\/\/frankfurt-flyers.de\/index.php?rest_route=%2Fwp%2Fv2%2Fcomments&post=1926"}],"version-history":[{"count":14,"href":"http:\/\/frankfurt-flyers.de\/index.php?rest_route=\/wp\/v2\/pages\/1926\/revisions"}],"predecessor-version":[{"id":6373,"href":"http:\/\/frankfurt-flyers.de\/index.php?rest_route=\/wp\/v2\/pages\/1926\/revisions\/6373"}],"up":[{"embeddable":true,"href":"http:\/\/frankfurt-flyers.de\/index.php?rest_route=\/wp\/v2\/pages\/158"}],"wp:attachment":[{"href":"http:\/\/frankfurt-flyers.de\/index.php?rest_route=%2Fwp%2Fv2%2Fmedia&parent=1926"}],"curies":[{"name":"wp","href":"https:\/\/api.w.org\/{rel}","templated":true}]}}

<h5>Trampolin Liga 2013</h5>
<p style="text-align: justify;">Als Titelverteidiger starten die Frankfurt FLYERS in die neue, am 20. April beginnende Trampolin Bundesliga Saison 2013. Zwar gibt es das leistungssportliche Karriere Ende der vier Damen Ann-Kathrin Klee, Sophia Fischer, Jessica Mees und Saskia Heßler zu vermelden, doch der Kern der Meistermannschaft blieb zusammen. In den letzten Monaten wurde das Team zudem mit drei hoffnungsvollen Nachwuchskräften ergänzt, Niklas Oellig vom Burtscheider TV Aachen sowie die beiden japanischen Zwillinge Anju + Momoko Asami lassen weiterhin für die Zukunft hoffen, die Vereinsverantwortlichen gehen jedenfalls optimistisch an die nächsten Aufgaben.</p>
<p style="text-align: justify;">Die Sportler der FLYERS in der laufenden Saison 2013: Anju Asami(99), Momoko Asami(99), Johanna Grüll(94), Runa Weiland(00), Nico Gärtner(82), Mark Jecht Gonzalez(95), Alexander Kaverin(00), Markus Kubicka(77), Ivano Monaco(89), Olaf Neidhardt(00), Niklas Oellig(98), Laszlo Pobloth(89), Pascal Seifert(99), Christopher Schüpferling(89), Lars Weiland(96). Als Trainer wird Pasqual Bahr die Mannschaft betreuen.</p>
<p style="text-align: justify;">Es beginnt mit dem Auswärtswettkampf beim TSV Mannheim, an dem zusätzlich als dritter Verein der TV Dillenburg beteiligt ist. Eine Woche später unser Heimwettkampf. Im DTB-Leistungszentrum, in der Otto-Fleck-Schneise 8, empfangen die FLYERS den mitfavorisierten TV Weingarten sowie aus Darmstadt Aufsteiger TV Eberstadt. Der Wettkampf wird am Samstag, den 27. April in der Zeit von 18.30 &#8211; 20.00 Uhr ausgetragen und wir möchten alle interessierten Trampolin Fans dazu recht herzlich einladen.</p>
<p style="text-align: justify;">Danach wird die Saison unterbrochen und erst nach dem Internationalen Deutschen Turnfest fortgesetzt. Am 1. Juni die Begegnung in Wiebelskirchen gegen die TSG Saar und am 8. Juni empfängt im Odenwald der TV Nieder-Beerbach den MTV Stuttgart sowie die FLYERS.</p>
<p style="text-align: justify;">Für Samstag, den 22. Juni ist das Finale terminiert, dass in der Sporthalle des Schulzentrum im schwäbischen Weingarten stattfindet. Wie schon in den Vorjahren werden die User aktuell mit Informationen auf unserer News Seite versorgt. Alles weitere auch auf: <a href="http://www.Trampolin-Bundesliga.de">www.Trampolin-Bundesliga.de</a></p>
